{"html":"<iframe src=\"https://hatenablog-parts.com/embed?url=https%3A%2F%2Fartandmovie.hatenablog.com%2Fentry%2F2019%2F11%2F07%2F120000\" title=\"\u30a2\u30e9\u30f3\u30fb\u30c9\u30ed\u30f3 Alain Delon \u3055\u3093\u306e\u304a\u8a95\u751f\u65e5 (8\u65e5)   \u4ecf \u4ff3\u512a - artandmovie graph dictio\" class=\"embed-card embed-blogcard\" scrolling=\"no\" frameborder=\"0\" style=\"display: block; width: 100%; height: 190px; max-width: 500px; margin: 10px 0px;\"></iframe>","provider_name":"Hatena Blog","title":"\u30a2\u30e9\u30f3\u30fb\u30c9\u30ed\u30f3 Alain Delon \u3055\u3093\u306e\u304a\u8a95\u751f\u65e5 (8\u65e5)   \u4ecf \u4ff3\u512a","provider_url":"https://hatena.blog","type":"rich","version":"1.0","image_url":null,"author_url":"https://blog.hatena.ne.jp/artandmovie/","blog_title":"artandmovie graph dictio","description":"\u30a2\u30e9\u30f3\u30fb\u30c9\u30ed\u30f3 Alain Delon \u3055\u3093\u306e\u304a\u8a95\u751f\u65e5 (1935\u5e7411\u67088\u65e5) \u30d5\u30e9\u30f3\u30b9\u306e\u6620\u753b\u4ff3\u512a\u3001\u30d7\u30ed\u30c7\u30e5\u30fc\u30b5\u30fc\u3001\u6620\u753b\u76e3\u7763\u3002 \ud83d\udd0d BFM TV\u516c\u5f0fTweet. Alain Delon a \u00e9t\u00e9 victime d'un AVC qui n'a pas affect\u00e9 \"ses fonctions vitales\", selon son fils pic.twitter.com/JndT03pi6Q\u2014 BFMTV (@BFMTV) 2019\u5e748\u67088\u65e5 \u590f\u306b\u8133\u8840\u7ba1\u767a\u4f5c\u306b\u306a\u3063\u305f\u30a2\u30e9\u30f3\u30fb\u30c9\u30ed\u30f3\u3055\u3093\u306f\u3001\u606f\u5b50\u306b\u3088\u308b\u3068\u91cd\u8981\u306a\u6a5f\u80fd\u306b\u5f71\u97ff\u304c\u7121\u304b\u3063\u305f\u3068\u306e\u3053\u3068\u3002 \ud83d\udd0d Fashion Press\u516c\u5f0fTweet.\u2026","blog_url":"https://artandmovie.hatenablog.com/","author_name":"artandmovie","width":"100%","height":"190","url":"https://artandmovie.hatenablog.com/entry/2019/11/07/120000","published":"2019-11-07 12:00:00","categories":["\u6620\u753b\u53f2","Actor","Producer","Film Director","\u8a66\u8a33"]}

<iframe src="https://hatenablog-parts.com/embed?url=https%3A%2F%2Fartandmovie.hatenablog.com%2Fentry%2F2019%2F11%2F07%2F120000" title="アラン・ドロン Alain Delon さんのお誕生日 (8日)   仏 俳優 - artandmovie graph dictio" class="embed-card embed-blogcard" scrolling="no" frameborder="0" style="display: block; width: 100%; height: 190px; max-width: 500px; margin: 10px 0px;"></iframe>

アラン・ドロン Alain Delon さんのお誕生日 (8日)   仏 俳優

アラン・ドロン Alain Delon さんのお誕生日 (1935年11月8日) フランスの映画俳優、プロデューサー、映画監督。 🔍 BFM TV公式Tweet. Alain Delon a été victime d'un AVC qui n'a pas affecté "ses fonctions vitales", selon son fils pic.twitter.com/JndT03pi6Q— BFMTV (@BFMTV) 2019年8月8日 夏に脳血管発作になったアラン・ドロンさんは、息子によると重要な機能に影響が無かったとのこと。 🔍 Fashion Press公式Tweet.…

映画史

試訳
