{"version":"1.0","image_url":"https://cdn-ak.f.st-hatena.com/images/fotolife/h/h780419/20100520/20100520231628.jpg","published":"2009-07-20 23:19:14","author_name":"h780419","blog_url":"https://h780419.hatenablog.com/","type":"rich","blog_title":"\u30df\u30fc\u30cf\u30fc\u306f\u304a\u6c17\u697d","url":"https://h780419.hatenablog.com/entry/20090720/1274365154","categories":[],"title":"GRIS ENSAYO","provider_name":"Hatena Blog","html":"<iframe src=\"https://hatenablog-parts.com/embed?url=https%3A%2F%2Fh780419.hatenablog.com%2Fentry%2F20090720%2F1274365154\" title=\"GRIS ENSAYO - \u30df\u30fc\u30cf\u30fc\u306f\u304a\u6c17\u697d\" class=\"embed-card embed-blogcard\" scrolling=\"no\" frameborder=\"0\" style=\"display: block; width: 100%; height: 190px; max-width: 500px; margin: 10px 0px;\"></iframe>","width":"100%","author_url":"https://blog.hatena.ne.jp/h780419/","height":"190","description":"2009.7.19 \u89aa\u5584\u8a66\u5408 \u30b3\u30cb\u30ebCF \uff10\u2212\uff11 \u30bb\u30d3\u30fc\u30b8\u30e3http://www.sevillafc.es/_www/actualidad.php?op=not&id=14546 Palop; Adriano (Casado, m. 75), Squillaci (Lolo, m. 46), Escud\u00e9 (Fernando Navarro, m. 62), Dragutinovic; Capel (Jes\u00fas Navas, m. 46) Zokora (Jos\u00e9 Carlos, m. 62), Renato, Perotti (Armenteros, m.65); Chevant\u00f3n (Ca\u2026","provider_url":"https://hatena.blog"}

ミーハーはお気楽

<iframe src="https://hatenablog-parts.com/embed?url=https%3A%2F%2Fh780419.hatenablog.com%2Fentry%2F20090720%2F1274365154" title="GRIS ENSAYO - ミーハーはお気楽" class="embed-card embed-blogcard" scrolling="no" frameborder="0" style="display: block; width: 100%; height: 190px; max-width: 500px; margin: 10px 0px;"></iframe>

2009.7.19 親善試合 コニルCF ０−１ セビージャhttp://www.sevillafc.es/_www/actualidad.php?op=not&id=14546 Palop; Adriano (Casado, m. 75), Squillaci (Lolo, m. 46), Escudé (Fernando Navarro, m. 62), Dragutinovic; Capel (Jesús Navas, m. 46) Zokora (José Carlos, m. 62), Renato, Perotti (Armenteros, m.65); Chevantón (Ca…
