{"width":"100%","provider_url":"https://hatena.blog","html":"<iframe src=\"https://hatenablog-parts.com/embed?url=https%3A%2F%2Fides.hatenablog.com%2Fentry%2F2025%2F09%2F04%2F181102\" title=\"18\u306e\u6b27\u5dde\u30fb\u5317\u7c73\u8af8\u56fd\u306b\u304a\u3051\u308b\u601d\u6625\u671f\u306e\u30bd\u30fc\u30b7\u30e3\u30eb\u30e1\u30c7\u30a3\u30a2\u5229\u7528\u3068\u7761\u7720\u30d1\u30bf\u30fc\u30f3\u3068\u306e\u95a2\u9023\u6027 - \u4e95\u51fa\u8349\u5e73\u306e\u7814\u7a76\u30ce\u30fc\u30c8\" class=\"embed-card embed-blogcard\" scrolling=\"no\" frameborder=\"0\" style=\"display: block; width: 100%; height: 190px; max-width: 500px; margin: 10px 0px;\"></iframe>","categories":["\u30cd\u30c3\u30c8\u30fb\u30b2\u30fc\u30e0\u4f9d\u5b58"],"author_url":"https://blog.hatena.ne.jp/iDES/","type":"rich","height":"190","author_name":"iDES","image_url":null,"title":"18\u306e\u6b27\u5dde\u30fb\u5317\u7c73\u8af8\u56fd\u306b\u304a\u3051\u308b\u601d\u6625\u671f\u306e\u30bd\u30fc\u30b7\u30e3\u30eb\u30e1\u30c7\u30a3\u30a2\u5229\u7528\u3068\u7761\u7720\u30d1\u30bf\u30fc\u30f3\u3068\u306e\u95a2\u9023\u6027","blog_url":"https://ides.hatenablog.com/","description":"www.sleephealthjournal.org Boniel-Nissim, M., Tynj\u00e4l\u00e4, J., Gobi\u0146a, I., Furstova, J., Eijnden, R. J. J. M. van den, Marino, C., Klan\u0161\u010dek, H. J., Klavina-Makrecka, S., Villeru\u0161a, A., Lahti, H., Vieno, A., Wong, S. L., Villberg, J., Inchley, J., & Gari\u00e9py, G. (2023). Adolescent use of social media and \u2026","published":"2025-09-04 18:11:02","url":"https://ides.hatenablog.com/entry/2025/09/04/181102","version":"1.0","provider_name":"Hatena Blog","blog_title":"\u4e95\u51fa\u8349\u5e73\u306e\u7814\u7a76\u30ce\u30fc\u30c8"}

<iframe src="https://hatenablog-parts.com/embed?url=https%3A%2F%2Fides.hatenablog.com%2Fentry%2F2025%2F09%2F04%2F181102" title="18の欧州・北米諸国における思春期のソーシャルメディア利用と睡眠パターンとの関連性 - 井出草平の研究ノート" class="embed-card embed-blogcard" scrolling="no" frameborder="0" style="display: block; width: 100%; height: 190px; max-width: 500px; margin: 10px 0px;"></iframe>

ネット・ゲーム依存

18の欧州・北米諸国における思春期のソーシャルメディア利用と睡眠パターンとの関連性

www.sleephealthjournal.org Boniel-Nissim, M., Tynjälä, J., Gobiņa, I., Furstova, J., Eijnden, R. J. J. M. van den, Marino, C., Klanšček, H. J., Klavina-Makrecka, S., Villeruša, A., Lahti, H., Vieno, A., Wong, S. L., Villberg, J., Inchley, J., & Gariépy, G. (2023). Adolescent use of social media and …

井出草平の研究ノート
