{"height":"190","image_url":"https://cdn-ak.f.st-hatena.com/images/fotolife/j/jetmk43/20210313/20210313161424.jpg","author_name":"jetmk43","width":"100%","title":"\u30de\u30eb\u30bb\u30a4\u30e6\u306e\u30ce\u30fc\u30c8\u30eb\u30c0\u30e0\u30fb\u30c9\u30a5\u30fb\u30e9\u30fb\u30ac\u30eb\u30c9\u5bfa\u9662\u304b\u3089\u306e\u773a\u3081\u3068\u30de\u30eb\u30bb\u30a4\u30e6\u306e\u6b74\u53f2","provider_url":"https://hatena.blog","provider_name":"Hatena Blog","description":"\u30de\u30eb\u30bb\u30a4\u30e6\u306e\u30ce\u30fc\u30c8\u30eb\u30c0\u30e0\u30fb\u30c9\u30a5\u30fb\u30e9\u30fb\u30ac\u30eb\u30c9\u5bfa\u9662\u304b\u3089\u898b\u305f\u65e7\u6e2f\u306a\u3069\u306e\u8857\u4e26\u307f \u30de\u30eb\u30bb\u30a4\u30e6\u306e\u30ce\u30fc\u30c8\u30eb\u30c0\u30e0\u30fb\u30c9\u30a5\u30fb\u30e9\u30fb\u30ac\u30eb\u30c9\u5bfa\u9662\u304b\u3089\u306e\u773a\u3081\u3067\u3059\u3002 \u3053\u306e\u65b9\u5411\u3060\u3068\u65e7\u6e2f\u3001\u305d\u3057\u3066\u66f4\u306b\u5411\u3053\u3046\u306b\u306f\u73fe\u5728\u306e\u6e2f\u304c\u898b\u3089\u308c\u307e\u3059\u3002 \u30de\u30eb\u30bb\u30a4\u30e6\u5e02\u306eHP\u306b\u30de\u30eb\u30bb\u30a4\u30e6\u306e\u6b74\u53f2\u304c\u66f8\u304b\u308c\u3066\u3044\u307e\u3057\u305f\u306e\u3067\u3001\u3044\u3064\u3082\u306e\u3088\u3046\u306b\u81ea\u52d5\u7ffb\u8a33\u306e\u52a9\u3051\u3092\u501f\u308a\u3066\u307e\u3068\u3081\u307e\u3059\u3002 2600 ans d'histoireL\u2019H\u00c9RITAGE DE 26 SI\u00c8CLES D\u2019HISTOIRED\u00e8s le pal\u00e9olithique, les premi\u00e8res traces d\u2019occupation humaine sont attest\u00e9es dans les cala\u2026","categories":[],"author_url":"https://blog.hatena.ne.jp/jetmk43/","blog_url":"https://jetmk43.hatenablog.com/","published":"2021-03-13 16:18:38","version":"1.0","blog_title":"Le ciel bleu sur Europe  \u30e8\u30fc\u30ed\u30c3\u30d1\u306b\u5e83\u304c\u308b\u9752\u3044\u7a7a","url":"https://jetmk43.hatenablog.com/entry/2021/03/13/161838","html":"<iframe src=\"https://hatenablog-parts.com/embed?url=https%3A%2F%2Fjetmk43.hatenablog.com%2Fentry%2F2021%2F03%2F13%2F161838\" title=\"\u30de\u30eb\u30bb\u30a4\u30e6\u306e\u30ce\u30fc\u30c8\u30eb\u30c0\u30e0\u30fb\u30c9\u30a5\u30fb\u30e9\u30fb\u30ac\u30eb\u30c9\u5bfa\u9662\u304b\u3089\u306e\u773a\u3081\u3068\u30de\u30eb\u30bb\u30a4\u30e6\u306e\u6b74\u53f2 - Le ciel bleu sur Europe  \u30e8\u30fc\u30ed\u30c3\u30d1\u306b\u5e83\u304c\u308b\u9752\u3044\u7a7a\" class=\"embed-card embed-blogcard\" scrolling=\"no\" frameborder=\"0\" style=\"display: block; width: 100%; height: 190px; max-width: 500px; margin: 10px 0px;\"></iframe>","type":"rich"}

マルセイユのノートルダム・ドゥ・ラ・ガルド寺院からの眺めとマルセイユの歴史

マルセイユのノートルダム・ドゥ・ラ・ガルド寺院から見た旧港などの街並み マルセイユのノートルダム・ドゥ・ラ・ガルド寺院からの眺めです。 この方向だと旧港、そして更に向こうには現在の港が見られます。 マルセイユ市のHPにマルセイユの歴史が書かれていましたので、いつものように自動翻訳の助けを借りてまとめます。 2600 ans d'histoireL’HÉRITAGE DE 26 SIÈCLES D’HISTOIREDès le paléolithique, les premières traces d’occupation humaine sont attestées dans les cala…

Le ciel bleu sur Europe  ヨーロッパに広がる青い空

<iframe src="https://hatenablog-parts.com/embed?url=https%3A%2F%2Fjetmk43.hatenablog.com%2Fentry%2F2021%2F03%2F13%2F161838" title="マルセイユのノートルダム・ドゥ・ラ・ガルド寺院からの眺めとマルセイユの歴史 - Le ciel bleu sur Europe  ヨーロッパに広がる青い空" class="embed-card embed-blogcard" scrolling="no" frameborder="0" style="display: block; width: 100%; height: 190px; max-width: 500px; margin: 10px 0px;"></iframe>
