{"blog_url":"https://jetmk43.hatenablog.com/","blog_title":"Le ciel bleu sur Europe  \u30e8\u30fc\u30ed\u30c3\u30d1\u306b\u5e83\u304c\u308b\u9752\u3044\u7a7a","provider_url":"https://hatena.blog","html":"<iframe src=\"https://hatenablog-parts.com/embed?url=https%3A%2F%2Fjetmk43.hatenablog.com%2Fentry%2F2021%2F08%2F07%2F155920\" title=\"\u30d6\u30eb\u30b4\u30fc\u30cb\u30e5\u5927\u516c\u5bae\u6bbf(\u30c7\u30a3\u30b8\u30e7\u30f3\u7f8e\u8853\u9928)\u306e\u30d5\u30a1\u30b5\u30fc\u30c9\u3068\u6b74\u53f2 - Le ciel bleu sur Europe  \u30e8\u30fc\u30ed\u30c3\u30d1\u306b\u5e83\u304c\u308b\u9752\u3044\u7a7a\" class=\"embed-card embed-blogcard\" scrolling=\"no\" frameborder=\"0\" style=\"display: block; width: 100%; height: 190px; max-width: 500px; margin: 10px 0px;\"></iframe>","author_url":"https://blog.hatena.ne.jp/jetmk43/","categories":[],"type":"rich","image_url":"https://cdn-ak.f.st-hatena.com/images/fotolife/j/jetmk43/20210807/20210807155510.jpg","title":"\u30d6\u30eb\u30b4\u30fc\u30cb\u30e5\u5927\u516c\u5bae\u6bbf(\u30c7\u30a3\u30b8\u30e7\u30f3\u7f8e\u8853\u9928)\u306e\u30d5\u30a1\u30b5\u30fc\u30c9\u3068\u6b74\u53f2","url":"https://jetmk43.hatenablog.com/entry/2021/08/07/155920","published":"2021-08-07 15:59:20","author_name":"jetmk43","width":"100%","version":"1.0","provider_name":"Hatena Blog","description":"\u30d6\u30eb\u30b4\u30fc\u30cb\u30e5\u5927\u516c\u5bae\u6bbf(\u30c7\u30a3\u30b8\u30e7\u30f3\u7f8e\u8853\u9928)\u306e\u30d5\u30a1\u30b5\u30fc\u30c9 \u753b\u50cf\u306f\u30d6\u30eb\u30b4\u30fc\u30cb\u30e5\u5927\u516c\u5bae\u6bbf\u306e\u30d5\u30a1\u30b5\u30fc\u30c9\u3067\u3059\u3002\u5186\u67f1\u3084\u305d\u306e\u4e0a\u306e\u30ec\u30ea\u30fc\u30d5\u306a\u3069\u3001\u53e4\u4ee3\u30ae\u30ea\u30b7\u30e3\u7684\u306a\u8cab\u7984\u3042\u308b\u30d5\u30a1\u30b5\u30fc\u30c9\u306b\u4ed5\u4e0a\u304c\u3063\u3066\u3044\u307e\u3059\u3002\u3053\u306e\u5efa\u7269\u306b\u306f\u73fe\u5728\u30c7\u30a3\u30b8\u30e7\u30f3\u306e\u5e02\u5f79\u6240\u3068\u7f8e\u8853\u9928\u304c\u5165\u3063\u3066\u3044\u307e\u3059\u3002\u7f8e\u8853\u9928\u306eHP\u306b\u305d\u306e\u6b74\u53f2\u304c\u66f8\u3044\u3066\u3042\u308a\u307e\u3057\u305f\u306e\u3067\u3001\u76f8\u5909\u308f\u3089\u305a\u306e\u62d9\u8a33\u3057\u3066\u307f\u307e\u3059\u3002Du XIe au XVe si\u00e8cle : l'actuel Palais des Ducs et des Etats de Bourgogne n'est qu'une simple forteresse adoss\u00e9e au castrum, \u00e9difi\u00e9 au IIIe si\u00e8c\u2026","height":"190"}

Le ciel bleu sur Europe  ヨーロッパに広がる青い空

<iframe src="https://hatenablog-parts.com/embed?url=https%3A%2F%2Fjetmk43.hatenablog.com%2Fentry%2F2021%2F08%2F07%2F155920" title="ブルゴーニュ大公宮殿(ディジョン美術館)のファサードと歴史 - Le ciel bleu sur Europe  ヨーロッパに広がる青い空" class="embed-card embed-blogcard" scrolling="no" frameborder="0" style="display: block; width: 100%; height: 190px; max-width: 500px; margin: 10px 0px;"></iframe>

ブルゴーニュ大公宮殿(ディジョン美術館)のファサードと歴史

ブルゴーニュ大公宮殿(ディジョン美術館)のファサード 画像はブルゴーニュ大公宮殿のファサードです。円柱やその上のレリーフなど、古代ギリシャ的な貫禄あるファサードに仕上がっています。この建物には現在ディジョンの市役所と美術館が入っています。美術館のHPにその歴史が書いてありましたので、相変わらずの拙訳してみます。Du XIe au XVe siècle : l'actuel Palais des Ducs et des Etats de Bourgogne n'est qu'une simple forteresse adossée au castrum, édifié au IIIe sièc…
