{"width":"100%","provider_name":"Hatena Blog","blog_title":"\u6bce\u65e5\u304c\u30d6\u30a8\u30ce\u30b9\u30c7\u30a3\u30a2\u30b9\uff01","blog_url":"https://papitamusica.hatenablog.com/","url":"https://papitamusica.hatenablog.com/entry/2008/11/11/094714","image_url":"http://blog-imgs-41.fc2.com/b/s/a/bsas/20081112094620.jpg","author_url":"https://blog.hatena.ne.jp/papitamusica/","categories":["\u30a4\u30d9\u30f3\u30c8"],"version":"1.0","provider_url":"https://hatena.blog","title":"\u30d6\u30a8\u30ce\u30b9\u3067\u30b3\u30f3\u30c6\u30f3\u30dd\u30e9\u30ea\u30fc\u30fb\u30d5\u30a9\u30eb\u30af\u30ed\u30fc\u30ec\u306e\u30d5\u30a7\u30b9\u958b\u50ac\uff01","html":"<iframe src=\"https://hatenablog-parts.com/embed?url=https%3A%2F%2Fpapitamusica.hatenablog.com%2Fentry%2F2008%2F11%2F11%2F094714\" title=\"\u30d6\u30a8\u30ce\u30b9\u3067\u30b3\u30f3\u30c6\u30f3\u30dd\u30e9\u30ea\u30fc\u30fb\u30d5\u30a9\u30eb\u30af\u30ed\u30fc\u30ec\u306e\u30d5\u30a7\u30b9\u958b\u50ac\uff01 - \u6bce\u65e5\u304c\u30d6\u30a8\u30ce\u30b9\u30c7\u30a3\u30a2\u30b9\uff01\" class=\"embed-card embed-blogcard\" scrolling=\"no\" frameborder=\"0\" style=\"display: block; width: 100%; height: 190px; max-width: 500px; margin: 10px 0px;\"></iframe>","description":"\u4eca\u56de\u306f\u30d6\u30a8\u30ce\u30b9\u30a2\u30a4\u30ec\u30b9\u3067\u958b\u50ac\u306e\u30a2\u30eb\u30bc\u30f3\u30c1\u30f3\u306e\u65b0\u3057\u3044\u6ce2 \u30b3\u30f3\u30c6\u30f3\u30dd\u30e9\u30ea\u30fc\u30fb\u30d5\u30a9\u30eb\u30af\u30ed\u30fc\u30ec\u306e\u30d5\u30a7\u30b9\u30c6\u30a3\u30d0\u30eb \u300cAnderFolklore 08\u300d\u306e\u304a\u77e5\u3089\u305b\u3002\uff0811/6\u306e\u306f\u7d42\u4e86\uff09 RICO\u306e\u30ab\u30bf\u30ed\u30b0\u7b49\u3067\u65e5\u672c\u3067\u3082\u6ce8\u76ee\u306e\u3001\u30bb\u30d0\u30fb\u30a4\u30d0\u30e9\u3082\u51fa\u6f14\u3057\u307e\u3059\u3002 \u3044\u305a\u308c\u3082\u6ce8\u76ee\u3059\u3079\u304d\u9854\u3076\u308c\u3070\u304b\u308a\u3002 \u4eca\u56de\u306f\u30b3\u30d4\u30da\u3067\u5931\u793c\u3002 -------------- Lucio Mantel + Seba Ibarra en el marco del ciclo AnderFolklore 08 Direcci\u00f3n General de Promoci\u00f3n Cultural - Gob. de la Ciudad Ciclo de m\u00fa\u2026","height":"190","author_name":"papitamusica","published":"2008-11-11 09:47:14","type":"rich"}

毎日がブエノスディアス！

イベント

ブエノスでコンテンポラリー・フォルクローレのフェス開催！

<iframe src="https://hatenablog-parts.com/embed?url=https%3A%2F%2Fpapitamusica.hatenablog.com%2Fentry%2F2008%2F11%2F11%2F094714" title="ブエノスでコンテンポラリー・フォルクローレのフェス開催！ - 毎日がブエノスディアス！" class="embed-card embed-blogcard" scrolling="no" frameborder="0" style="display: block; width: 100%; height: 190px; max-width: 500px; margin: 10px 0px;"></iframe>

今回はブエノスアイレスで開催のアルゼンチンの新しい波 コンテンポラリー・フォルクローレのフェスティバル 「AnderFolklore 08」のお知らせ。（11/6のは終了） RICOのカタログ等で日本でも注目の、セバ・イバラも出演します。 いずれも注目すべき顔ぶればかり。 今回はコピペで失礼。 -------------- Lucio Mantel + Seba Ibarra en el marco del ciclo AnderFolklore 08 Dirección General de Promoción Cultural - Gob. de la Ciudad Ciclo de mú…
